{"id":69,"date":"2019-12-10T14:16:03","date_gmt":"2019-12-10T13:16:03","guid":{"rendered":"http:\/\/www.binello-avocat.fr\/?page_id=69"},"modified":"2020-06-21T18:14:33","modified_gmt":"2020-06-21T16:14:33","slug":"politique-de-confidentialite-et-mentions-legales","status":"publish","type":"page","link":"http:\/\/www.binello-avocat.fr\/index.php\/politique-de-confidentialite-et-mentions-legales\/","title":{"rendered":"Politique de confidentialit\u00e9 et Mentions l\u00e9gales"},"content":{"rendered":"\n<h2 style=\"text-align: justify;\">Mentions l\u00e9gales<\/h2>\n<p style=\"text-align: justify;\">\n\n\n\n<\/p>\n<p style=\"text-align: justify;\">Le pr\u00e9sent site, accessible\u00a0<em>via<\/em>\u00a0l\u2019adresse URL www.binello-avocat.fr, est \u00e9dit\u00e9 par Ma\u00eetre Ludovic BINELLO, avocat inscrit au Barreau de Paris dont le cabinet est situ\u00e9 22 avenue de Friedland, 75008 Paris, France, et dont le num\u00e9ro de t\u00e9l\u00e9phone est le 06.51.92.69.99.<\/p>\n<p style=\"text-align: justify;\">\n\n\n\n<\/p>\n<p style=\"text-align: justify;\">Ma\u00eetre Ludovic BINELLO est soumis \u00e0 toutes les r\u00e8gles d\u00e9ontologiques, l\u00e9gales et r\u00e9glementaires applicables \u00e0 la profession d\u2019avocat, et notamment au r\u00e8glement int\u00e9rieur national de la profession.<\/p>\n<p style=\"text-align: justify;\">\n\n\n\n<\/p>\n<p style=\"text-align: justify;\">Le directeur de la publication du pr\u00e9sent site est Ma\u00eetre Ludovic BINELLO.<\/p>\n<p style=\"text-align: justify;\">\n\n\n\n<\/p>\n<p style=\"text-align: justify;\">Le pr\u00e9sent site est h\u00e9berg\u00e9 par la soci\u00e9t\u00e9 OVH (SAS au capital de 10 069 020 \u20ac RCS Lille M\u00e9tropole 424 761 419 00045) dont le si\u00e8ge social est sis 2 rue Kellermann &#8211; 59100 Roubaix et qui peut \u00eatre contact\u00e9e par t\u00e9l\u00e9phone au 1007.<\/p>\n<p style=\"text-align: justify;\">\n\n\n\n<\/p>\n<p style=\"text-align: justify;\">Tous les \u00e9l\u00e9ments composant le pr\u00e9sent site, et notamment les marques, logos, photographies, dessins, \u00e9l\u00e9ments graphiques, textes, donn\u00e9es, animations, sons, codes informatiques, ou tout autre \u00e9l\u00e9ment prot\u00e9geable en application du droit de la propri\u00e9t\u00e9 intellectuelle, sont la propri\u00e9t\u00e9 de Ma\u00eetre Ludovic BINELLO ou de ses ayants droits. Les visiteurs de son site sont autoris\u00e9s \u00e0 visualiser son contenu, et notamment \u00e0 reproduire les pages consult\u00e9es sur leur ordinateur \u00e0 des fins de visualisation\u00a0; toute autre utilisation est interdite sans l\u2019autorisation pr\u00e9alable et expresse de Ma\u00eetre Ludovic BINELLO. En particulier, est interdite toute reproduction des marques et logos pr\u00e9sents sur le site, ainsi que toute extraction qualitativement ou quantitativement substantielle des donn\u00e9es qui s\u2019y trouvent, que ce soit par un proc\u00e9d\u00e9 automatis\u00e9 ou non.<\/p>\n<p style=\"text-align: justify;\">\n\n\n\n<\/p>\n\n<h2 style=\"text-align: justify;\">M\u00e9diateur de la consommation aupr\u00e8s du Conseil National des Barreaux (CNB)<\/h2>\n<p style=\"text-align: justify;\">\n\n\n\n<\/p>\n<p style=\"text-align: justify;\">Conform\u00e9ment aux dispositions des articles L. 612-1 et suivants du Code de la consommation, vous avez la possibilit\u00e9, en cas de litige avec un avocat, de recourir gratuitement au\u00a0<em>M\u00e9diateur de la consommation aupr\u00e8s du Conseil National des Barreaux (CNB)<\/em>\u00a0dont les coordonn\u00e9es sont les suivantes : CNB, M\u00e9diateur \u00e0 la consommation, 180 Boulevard Haussmann \u2013 75008 Paris.<\/p>\n<p style=\"text-align: justify;\">\n\n\n\n<\/p>\n\n<h2 style=\"text-align: justify;\">Protection des donn\u00e9es personnelles<\/h2>\n<p style=\"text-align: justify;\">\n\n\n\n<\/p>\n<p style=\"text-align: justify;\">En application des articles 13 et 14 du R\u00e8glement europ\u00e9en G\u00e9n\u00e9ral sur la Protection des Donn\u00e9es (2016\/679) et de l\u2019article 32 de la Loi Informatique et Libert\u00e9s du 6 janvier 1978, le Directeur de Publication du Site vous informe que :<\/p>\n<p style=\"text-align: justify;\">\n\n\n\n<\/p>\n<p style=\"text-align: justify;\">Afin de prot\u00e9ger votre vie priv\u00e9e, l\u2019ensemble de vos donn\u00e9es personnelles qui seraient recueillies dans le cadre du traitement de votre dossier, sont prot\u00e9g\u00e9es par Ma\u00eetre Ludovic BINELLO (22 Avenue de Friedland 75008 Paris).<\/p>\n<p style=\"text-align: justify;\">\n\n\n\n<\/p>\n<p style=\"text-align: justify;\">Vos donn\u00e9es sont trait\u00e9es et conserv\u00e9es dans un registre tenu par Ma\u00eetre Ludovic BINELLO.<\/p>\n<p style=\"text-align: justify;\">\n\n\n\n<\/p>\n<p style=\"text-align: justify;\">Vos donn\u00e9es sont prot\u00e9g\u00e9es par des locaux et un syst\u00e8me informatique prot\u00e9g\u00e9s et s\u00e9curis\u00e9s.<\/p>\n<p style=\"text-align: justify;\">\n\n\n\n<\/p>\n<p style=\"text-align: justify;\">Vos donn\u00e9es sont trait\u00e9es et conserv\u00e9es par Ma\u00eetre Ludovic BINELLO, d\u00e8s votre prise d\u2019attache mais ne seront conserv\u00e9es que 4 semaines dans l\u2019hypoth\u00e8se o\u00f9 le premier rendez-vous ne serait pas honor\u00e9.<\/p>\n<p style=\"text-align: justify;\">\n\n\n\n<\/p>\n<p style=\"text-align: justify;\">Dans tous les autres cas, elles seront conserv\u00e9es pendant un d\u00e9lai de 5 ann\u00e9es \u00e0 compter du dernier acte juridique ou judiciaire r\u00e9alis\u00e9 par Ma\u00eetre Ludovic BINELLO.<\/p>\n<p style=\"text-align: justify;\">\n\n\n\n<\/p>\n<p style=\"text-align: justify;\">Vous disposez d\u2019un droit d\u2019acc\u00e8s, de limitation, de rectification ou d\u2019effacement de vos donn\u00e9es personnelles, en vous adressant \u00e0 Ma\u00eetre Ludovic BINELLO.<\/p>\n<p style=\"text-align: justify;\">\n\n\n\n<\/p>\n<p style=\"text-align: justify;\">Vous avez la facult\u00e9 de former une r\u00e9clamation aupr\u00e8s de la CNIL, dans l\u2019hypoth\u00e8se o\u00f9 vous consid\u00e9rez que vos donn\u00e9es ne sont pas prot\u00e9g\u00e9es.<\/p>\n","protected":false},"excerpt":{"rendered":"<p>Mentions l\u00e9gales Le pr\u00e9sent site, accessible\u00a0via\u00a0l\u2019adresse URL www.binello-avocat.fr, est \u00e9dit\u00e9 par Ma\u00eetre Ludovic BINELLO, avocat inscrit au Barreau de Paris dont le cabinet est situ\u00e9 22 avenue de Friedland, 75008 Paris, France, et dont le num\u00e9ro de t\u00e9l\u00e9phone est le 06.51.92.69.99. Ma\u00eetre Ludovic BINELLO est soumis \u00e0 toutes les r\u00e8gles d\u00e9ontologiques, l\u00e9gales et r\u00e9glementaires applicables &hellip;<\/p>\n<p class=\"read-more\"> <a class=\"\" href=\"http:\/\/www.binello-avocat.fr\/index.php\/politique-de-confidentialite-et-mentions-legales\/\"> <span class=\"screen-reader-text\">Politique de confidentialit\u00e9 et Mentions l\u00e9gales<\/span> Lire la suite\u00a0\u00bb<\/a><\/p>\n","protected":false},"author":1,"featured_media":0,"parent":0,"menu_order":0,"comment_status":"closed","ping_status":"closed","template":"","meta":{"site-sidebar-layout":"default","site-content-layout":"default","ast-main-header-display":"","ast-hfb-above-header-display":"","ast-hfb-below-header-display":"","ast-hfb-mobile-header-display":"","site-post-title":"","ast-breadcrumbs-content":"","ast-featured-img":"","footer-sml-layout":"","theme-transparent-header-meta":"default","adv-header-id-meta":"","stick-header-meta":"","header-above-stick-meta":"","header-main-stick-meta":"","header-below-stick-meta":""},"_links":{"self":[{"href":"http:\/\/www.binello-avocat.fr\/index.php\/wp-json\/wp\/v2\/pages\/69"}],"collection":[{"href":"http:\/\/www.binello-avocat.fr\/index.php\/wp-json\/wp\/v2\/pages"}],"about":[{"href":"http:\/\/www.binello-avocat.fr\/index.php\/wp-json\/wp\/v2\/types\/page"}],"author":[{"embeddable":true,"href":"http:\/\/www.binello-avocat.fr\/index.php\/wp-json\/wp\/v2\/users\/1"}],"replies":[{"embeddable":true,"href":"http:\/\/www.binello-avocat.fr\/index.php\/wp-json\/wp\/v2\/comments?post=69"}],"version-history":[{"count":8,"href":"http:\/\/www.binello-avocat.fr\/index.php\/wp-json\/wp\/v2\/pages\/69\/revisions"}],"predecessor-version":[{"id":148,"href":"http:\/\/www.binello-avocat.fr\/index.php\/wp-json\/wp\/v2\/pages\/69\/revisions\/148"}],"wp:attachment":[{"href":"http:\/\/www.binello-avocat.fr\/index.php\/wp-json\/wp\/v2\/media?parent=69"}],"curies":[{"name":"wp","href":"https:\/\/api.w.org\/{rel}","templated":true}]}}