{"id":30,"date":"2019-10-23T19:24:53","date_gmt":"2019-10-23T17:24:53","guid":{"rendered":"http:\/\/www.binello-avocat.fr\/?page_id=30"},"modified":"2019-10-24T01:06:39","modified_gmt":"2019-10-23T23:06:39","slug":"honoraires","status":"publish","type":"page","link":"http:\/\/www.binello-avocat.fr\/index.php\/honoraires\/","title":{"rendered":"Honoraires"},"content":{"rendered":"\n<p><strong>Tout rendez-vous de consultation juridique donne lieu \u00e0 un honoraire annonc\u00e9 pr\u00e9alablement au Client.&nbsp;<\/strong><\/p>\n\n\n\n<p>Pour chaque dossier, les honoraires sont arr\u00eat\u00e9s d\u2019un commun accord avec le Client et font l\u2019objet d\u2019une convention d\u2019honoraires.<\/p>\n\n\n\n<p>Pour les litiges dans lesquels les diligences sont pr\u00e9visibles sur une dur\u00e9e d\u00e9termin\u00e9e, un honoraire forfaitaire est propos\u00e9 au Client.<\/p>\n\n\n\n<p>Pour les litiges plus complexes, un honoraire au temps pass\u00e9 est formalis\u00e9 dans une convention d\u2019honoraires.<\/p>\n","protected":false},"excerpt":{"rendered":"<p>Tout rendez-vous de consultation juridique donne lieu \u00e0 un honoraire annonc\u00e9 pr\u00e9alablement au Client.&nbsp; Pour chaque dossier, les honoraires sont arr\u00eat\u00e9s d\u2019un commun accord avec le Client et font l\u2019objet d\u2019une convention d\u2019honoraires. Pour les litiges dans lesquels les diligences sont pr\u00e9visibles sur une dur\u00e9e d\u00e9termin\u00e9e, un honoraire forfaitaire est propos\u00e9 au Client. Pour les &hellip;<\/p>\n<p class=\"read-more\"> <a class=\"\" href=\"http:\/\/www.binello-avocat.fr\/index.php\/honoraires\/\"> <span class=\"screen-reader-text\">Honoraires<\/span> Lire la suite\u00a0\u00bb<\/a><\/p>\n","protected":false},"author":1,"featured_media":0,"parent":0,"menu_order":0,"comment_status":"closed","ping_status":"closed","template":"","meta":{"site-sidebar-layout":"default","site-content-layout":"default","ast-main-header-display":"","ast-hfb-above-header-display":"","ast-hfb-below-header-display":"","ast-hfb-mobile-header-display":"","site-post-title":"","ast-breadcrumbs-content":"","ast-featured-img":"","footer-sml-layout":"","theme-transparent-header-meta":"","adv-header-id-meta":"","stick-header-meta":"","header-above-stick-meta":"","header-main-stick-meta":"","header-below-stick-meta":""},"_links":{"self":[{"href":"http:\/\/www.binello-avocat.fr\/index.php\/wp-json\/wp\/v2\/pages\/30"}],"collection":[{"href":"http:\/\/www.binello-avocat.fr\/index.php\/wp-json\/wp\/v2\/pages"}],"about":[{"href":"http:\/\/www.binello-avocat.fr\/index.php\/wp-json\/wp\/v2\/types\/page"}],"author":[{"embeddable":true,"href":"http:\/\/www.binello-avocat.fr\/index.php\/wp-json\/wp\/v2\/users\/1"}],"replies":[{"embeddable":true,"href":"http:\/\/www.binello-avocat.fr\/index.php\/wp-json\/wp\/v2\/comments?post=30"}],"version-history":[{"count":2,"href":"http:\/\/www.binello-avocat.fr\/index.php\/wp-json\/wp\/v2\/pages\/30\/revisions"}],"predecessor-version":[{"id":58,"href":"http:\/\/www.binello-avocat.fr\/index.php\/wp-json\/wp\/v2\/pages\/30\/revisions\/58"}],"wp:attachment":[{"href":"http:\/\/www.binello-avocat.fr\/index.php\/wp-json\/wp\/v2\/media?parent=30"}],"curies":[{"name":"wp","href":"https:\/\/api.w.org\/{rel}","templated":true}]}}